n) = 21724*n - 65742. Give j(3).
-570
Let p(u) = -37596*u + 2669331. Calculate p(71).
15
Let r(a) = 1255*a**2 + 12554*a + 36. Calculate r(-10).
-4
Let y(d) = -2*d**3 - 22*d**2 + 12*d - 1005. Give y(-14).
3
Let h(r) = r**3 + 4*r**2 + 1709*r - 18503. What is h(10)?
-13
Let u(r) = 4*r**3 + 165*r**2 + 87*r - 342. Calculate u(-40).
4178
Let p(d) = -637*d**2 - 3*d + 2. What is p(-1)?
-632
Let a(z) = 4*z**3 - 870*z**2 - 432*z - 883. Calculate a(218).
-11
Let o(p) = p**3 - 2*p**2 + 687*p - 4271. Give o(6).
-5
Let t(k) = -k**3 - 680*k**2 - 34946*k - 1274. Give t(-624).
-26
Let b(c) = 41492*c + 746826. Calculate b(-18).
-30
Let y(b) = 3470*b - 79795. Determine y(23).
15
Let s(a) = -3*a**2 - 770*a + 7878. Give s(10).
-122
Let f(b) = 37*b**3 - 30*b**2 - 16*b + 14. Give f(-1).
-37
Let p(i) = -i**2 + 152*i + 6559. Give p(-39).
-890
Let w(g) = -g**2 + 135*g - 1074. Calculate w(8).
-58
Let f(w) = w**3 + 77*w**2 - 33*w - 2196. Determine f(-77).
345
Let g(p) = 259683*p + 259644. What is g(-1)?
-39
Let h(p) = 184991*p - 3514827. Calculate h(19).
2
Let v(f) = -f**3 + 326*f**2 - 2*f + 1901. Determine v(326).
1249
Let w(a) = 74*a**2 - 4221*a - 8539. Give w(59).
16
Let j(w) = 5*w**2 - 281*w - 10052. Give j(81).
-8
Let s(j) = -j**2 - 48*j + 3120. Determine s(33).
447
Let b(n) = 7094*n - 234000. What is b(33)?
102
Let z(t) = -68*t - 2853. Give z(-36).
-405
Let r(d) = 137*d + 3150. Calculate r(-20).
410
Let b(q) = 33325*q + 4832127. Give b(-145).
2
Let u(j) = j**2 + 135*j - 30983. Calculate u(-254).
-757
Let g(b) = 5*b**3 - 1370*b**2 - 61. Give g(274).
-61
Let j(u) = -u**3 + 197*u**2 - 2046*u + 166. Calculate j(186).
166
Let j(u) = 95*u**2 + 3803*u + 68. Give j(-40).
-52
Let w(b) = -b**3 + 22*b**2 + 133*b - 3251. Determine w(22).
-325
Let w(c) = 5*c**3 + 267*c**2 - 172*c - 465. What is w(-54)?
75
Let p(h) = -3*h**2 - 355*h - 8284. Determine p(-86).
58
Let a(c) = 14897*c + 983172. Determine a(-66).
-30
Let a(m) = 1268*m + 59792. Determine a(-47).
196
Let t(d) = 3459*d**2 - 1010*d - 1009. Determine t(-1).
3460
Let n(g) = -7*g**3 + 5482*g**2 - 748*g - 27412. What is n(783)?
-7
Let r(n) = 2632*n + 776344. What is r(-295)?
-96
Let l(q) = q**3 + 46*q**2 - 13*q - 10090. Determine l(-40).
30
Let c(r) = -1228*r - 28260. Calculate c(-23).
-16
Let k(h) = 3*h**2 - 380*h + 7781. What is k(22)?
873
Let t(w) = -2502*w - 97572. Give t(-39).
6
Let i(q) = q**2 + 30*q - 3310. Give i(42).
-286
Let h(p) = 3*p**2 + 33*p - 730. Calculate h(16).
566
Let l(k) = k**3 + 14*k**2 - 182*k - 2393. Determine l(-14).
155
Let x(u) = -u**3 - 11*u**2 + u - 312. Calculate x(-15).
573
Let c(d) = 149*d**2 + 956*d + 4. What is c(-7)?
613
Let a(t) = t**3 - 37*t**2 + 5696*t - 164578. Determine a(30).
2
Let u(z) = 2*z**2 - 42951*z - 1548818. What is u(-36)?
10
Let g(k) = -4*k**3 + 413*k**2 + 17152*k - 942. Determine g(135).
3
Let v(t) = 139*t**3 - 181*t**2 + 182*t + 1. Calculate v(1).
141
Let b(a) = 4*a**2 - 152*a + 914. What is b(31)?
46
Let x(n) = -n**3 - 135*n**2 + 132*n - 544. Determine x(-136).
0
Let q(b) = -649516*b - 5196142. Give q(-8).
-14
Let d(z) = 14*z**3 + 281*z**2 - 66*z - 1915. Determine d(-20).
-195
Let y(c) = 571*c**2 + 22235*c - 1345. Calculate y(-39).
-19
Let k(f) = 2*f**3 + 5*f**2 - 141*f - 534. Calculate k(-13).
-2250
Let r(f) = -f**2 - 4040*f + 48610. Determine r(12).
-14
Let n(p) = p**2 - 583*p - 916. Give n(0).
-916
Let l(g) = -3*g**3 - 72*g**2 + 546*g + 32. Determine l(-30).
-148
Let p(f) = -111009*f - 222013. Determine p(-2).
5
Let p(m) = -2*m**3 + 28*m**2 + 22*m + 337. What is p(17)?
-1023
Let i(l) = l**3 + 13*l**2 - 4927*l - 63986. Determine i(-13).
65
Let i(o) = 231*o**2 - 1441*o - 23. What is i(6)?
-353
Let u(d) = -d**3 + 208*d**2 + 1296*d - 2186. Determine u(214).
382
Let t(f) = 6215*f**2 - 18646*f. Determine t(3).
-3
Let v(p) = -7*p**2 + 903*p + 4697. Determine v(-5).
7
Let o(m) = -m**3 - 3566*m**2 + 71744*m - 458. Give o(20).
22
Let f(p) = 70*p - 5493. Give f(83).
317
Let b(r) = 271*r**2 - 5114*r + 15730. Give b(15).
-5
Let k(y) = -3558*y + 615576. Give k(173).
42
Let p(t) = t**3 + 223*t**2 + 2*t - 21. Determine p(-223).
-467
Let m(n) = -452*n + 7268. Determine m(15).
488
Let h(n) = -7169*n + 544905. Calculate h(76).
61
Let y(p) = 5*p**3 + 49*p**2 - 432*p + 383. Calculate y(1).
5
Let h(m) = 43181*m + 3368121. Determine h(-78).
3
Let y(l) = 175*l - 916. Determine y(3).
-391
Let g(h) = 1816*h - 174326. Determine g(96).
10
Let m(r) = -r**2 - 9*r + 984. What is m(-35)?
74
Let u(q) = -33787*q - 709488. What is u(-21)?
39
Let p(k) = -188*k**2 - 483. Determine p(0).
-483
Let y(k) = -113*k**2 - 2145*k + 75. What is y(-19)?
37
Let m(l) = 431*l - 46807. Give m(104).
-1983
Let h(o) = 15*o**2 - 4126*o + 28824. Give h(7).
677
Let t(n) = -n**3 - 395*n**2 - 33303*n + 387. Give t(-122).
21
Let u(o) = -13105*o + 9645255. What is u(736)?
-25
Let c(m) = 18*m**2 + 3588*m + 50781. Give c(-184).
-3
Let b(m) = 7*m**3 - 3*m**2 + 324*m + 666. Give b(-2).
-50
Let c(q) = -407*q**2 + 3702*q - 309. Calculate c(9).
42
Let m(i) = -i**2 - 451*i - 2302. Give m(-5).
-72
Let t(x) = -416*x**2 + 965*x - 249. What is t(2)?
17
Let f(m) = m**3 + 58*m**2 - 125*m - 292. What is f(-60)?
8
Let a(z) = z**2 + 236*z - 1128. Determine a(5).
77
Let q(s) = -381*s - 34993. Determine q(-92).
59
Let g(k) = 656*k - 525. Give g(2).
787
Let m(v) = -4*v**3 - 35*v**2 + 144*v + 35. What is m(-6)?
-1225
Let c(f) = 65*f - 2436. What is c(52)?
944
Let u(c) = 395*c**2 - 3544*c - 178. Calculate u(9).
-79
Let b(i) = 2*i**3 - 1206*i**2 + 33278*i + 8018. What is b(574)?
-18
Let n(g) = g**3 + 1373*g**2 + 860*g - 702457. Determine n(-1372).
7
Let h(p) = 3882*p - 8611. Determine h(3).
3035
Let o(j) = -737890*j + 14019936. Calculate o(19).
26
Let x(a) = 7*a**2 - 211*a - 5044. Calculate x(45).
-364
Let o(i) = -i**3 + 172*i**2 - 2499*i + 390. Determine o(156).
-78
Let u(g) = -g**3 - 18*g**2 + 280*g + 5255. Calculate u(-19).
296
Let g(x) = 12*x**2 - 148*x + 940. Give g(6).
484
Let o(x) = -795140*x - 1590279. What is o(-2)?
1
Let n(j) = -3*j**3 + 3083*j**2 + 7223*j - 13382. What is n(1030)?
8
Let n(v) = 49*v**2 + 1813*v + 53. Calculate n(-37).
53
Let h(m) = -6*m**2 - 2270*m + 32134. Give h(-392).
-10
Let s(k) = -296*k - 1929. Calculate s(-5).
-449
Let s(i) = -18*i**3 - 5*i**2 + 139*i + 470. Determine s(-3).
494
Let o(c) = 10*c**2 - 86*c - 69. Give o(0).
-69
Let i(t) = 63*t**2 + 25688*t - 6626. Give i(-408).
-98
Let o(y) = -2607*y + 28817. What is o(11)?
140
Let u(g) = -g**2 - 1007*g - 21922. Give u(-22).
-252
Let h(m) = -64355*m - 321781. Give h(-5).
-6
Let s(z) = 800*z - 105589. Calculate s(132).
11
Let l(a) = 849*a + 455989. Calculate l(-537).
76
Let k(f) = 2*f**2 - 8579*f + 111201. Determine k(13).
12
Let s(a) = -6*a**3 + 200*a**2 + 1428*a - 32. Give s(-7).
1830
Let t(d) = 2*d**2 + 954*d + 51419. Determine t(-62).
-41
Let x(f) = f**3 + 28*f**2 + 138*f + 293. Calculate x(-23).
-236
Let b(u) = -u**2 - 124*u + 12682. Calculate b(68).
-374
Let n(q) = q**3 - 1189*q**2 + 7687*q - 2092124. Give n(1184).
4
Let q(y) = 2*y**3 + 85*y**2 + 59*y + 227. Calculate q(0).
227
Let c(h) = -32*h**2 - 232*h - 423. Determine c(-4).
-7
Let x(n) = -3*n**2 - 44*n + 574. Calculate x(-19).
327
Let d(x) = 124*x**2 - 17236*x - 24. What is d(139)?
-24
Let k(m) = 15*m**2 - 192*m - 4598. Calculate k(25).
-23
Let u(f) = 15*f + 1509. Determine u(-22).
1179
Let p(h) = -2*h**3 + 18*h**2 - 35*h - 43. Give p(7).
-92
Let t(s) = 444*s**2 + 162924*s - 8793. What is t(-367)?
15
Let n(f) = -35*f**3 + 8*f**2 - 591*f + 584. What is n(1)?
-34
Let a(w) = 9*w**3 - 729*w**2 - 2906*w. Determine a(-4).
-616
Let g(k) = 5*k**2 - 292*k - 5697. Calculate g(-16).
255
Let n(z) = -z**3 + 283*z**2 - 2535*z - 53273. Determine n(273).
-38
Let j(y) = 294*y**2 - 2481*y - 2474. Give j(-1).
301
Let t(k) = -k**3 + 635*k**2 + 23452*k - 1371. Calculate t(670).
-31
Let i(b) = 19*b**2 + 1621*b - 6252. Calculate i(-89).
-22
Let j(f) = -271*f**2 - 2386*f + 250. Give j(-9).
-227
Let m(k) = 343*k + 1827. Give m(-5).
112
Let k(d) = d**3 + 34*d**2 - 3519*d - 117216. Determine k(-33).
0
Let o(y) = 2*y**2 + 68*y - 5. Give o(-28).
-341
Let o(s) = s**2 + 12641*s - 443653. Give o(35).
7
Let p(i) = -2*i**2 + 37067*i - 333401. What is p(9)?
40
Let p(n) = 1061*n - 15893. Calculate p(15).
22
Let t(z) = -20723*z + 41483. Determi